 of 169439994?
9
What is the units digit of 73969716?
6
What is the units digit of 278016797?
7
What is the ten thousands digit of 1586940999?
4
What is the hundreds digit of 3775686270?
2
What is the millions digit of 839176958?
9
What is the hundred thousands digit of 25254690?
2
What is the ten thousands digit of 181462846?
6
What is the millions digit of 1862178663?
2
What is the hundred thousands digit of 72051169?
0
What is the ten thousands digit of 6246190486?
9
What is the hundred thousands digit of 55270913?
2
What is the tens digit of 1465439886?
8
What is the hundred millions digit of 836840903?
8
What is the ten thousands digit of 41863071?
6
What is the ten thousands digit of 67242430?
4
What is the millions digit of 326489822?
6
What is the ten thousands digit of 672439643?
3
What is the millions digit of 783374180?
3
What is the ten millions digit of 975252447?
7
What is the units digit of 8422385581?
1
What is the hundred thousands digit of 1094067083?
0
What is the hundred thousands digit of 5854989832?
9
What is the ten thousands digit of 613406208?
0
What is the ten millions digit of 676538718?
7
What is the thousands digit of 23862157?
2
What is the hundred thousands digit of 32694547?
6
What is the hundreds digit of 89840934?
9
What is the hundreds digit of 6694171?
1
What is the tens digit of 4849827?
2
What is the ten thousands digit of 62603472?
0
What is the hundred thousands digit of 209050445?
0
What is the hundred thousands digit of 202623538?
6
What is the thousands digit of 526746354?
6
What is the ten thousands digit of 639099935?
9
What is the hundreds digit of 171182306?
3
What is the thousands digit of 306039816?
9
What is the hundreds digit of 3646063776?
7
What is the millions digit of 6696856011?
6
What is the millions digit of 26290679?
6
What is the hundred millions digit of 114765107?
1
What is the ten thousands digit of 2578184?
7
What is the units digit of 285458790?
0
What is the hundred thousands digit of 441833408?
8
What is the ten millions digit of 887225192?
8
What is the units digit of 69034433?
3
What is the hundreds digit of 5277668149?
1
What is the hundred thousands digit of 322934738?
9
What is the units digit of 85379498?
8
What is the ten thousands digit of 1806154645?
5
What is the thousands digit of 355882583?
2
What is the ten millions digit of 255463208?
5
What is the ten thousands digit of 1988763384?
6
What is the tens digit of 4371502734?
3
What is the tens digit of 1720743072?
7
What is the tens digit of 23361161?
6
What is the ten thousands digit of 4035504714?
0
What is the billions digit of 2494904070?
2
What is the millions digit of 5809719430?
9
What is the ten millions digit of 1009723985?
0
What is the thousands digit of 3768867433?
7
What is the thousands digit of 26342754?
2
What is the millions digit of 43117440?
3
What is the tens digit of 43200331?
3
What is the thousands digit of 55993999?
3
What is the hundred millions digit of 3469669655?
4
What is the billions digit of 3373542335?
3
What is the hundreds digit of 128755125?
1
What is the units digit of 256462645?
5
What is the hundreds digit of 132782751?
7
What is the millions digit of 3384825971?
4
What is the hundred thousands digit of 57460975?
4
What is the units digit of 93382901?
1
What is the tens digit of 487249101?
0
What is the millions digit of 98847949?
8
What is the ten millions digit of 1075042205?
7
What is the tens digit of 1832136284?
8
What is the tens digit of 146110634?
3
What is the millions digit of 1613649921?
3
What is the thousands digit of 298250069?
0
What is the hundred millions digit of 114928153?
1
What is the hundred thousands digit of 389071118?
0
What is the hundred millions digit of 662747200?
6
What is the ten millions digit of 1663852987?
6
What is the units digit of 236504530?
0
What is the hundred thousands digit of 2157309210?
3
What is the tens digit of 1414832116?
1
What is the ten thousands digit of 72679183?
7
What is the ten millions digit of 1042607885?
4
What is the hundred thousands digit of 39527212?
5
What is the hundred thousands digit of 259750456?
7
What is the ten millions digit of 72088488?
7
What is the ten millions digit of 365281867?
6
What is the hundred thousands digit of 374579698?
5
What is the hundreds digit of 60888982?
9
What is the thousands digit of 1369699996?
9
What is the ten thousands digit of 590230?
9
What is the tens digit of 69015379?
7
What is the hundred millions digit of 321465361?
3
What is the tens digit of 316961307?
0
What is the ten millions digit of 78495880?
7
What is the hundred thousands digit of 1191884105?
8
What is the hundred thousands digit of 25229767?
2
What is the thousands digit of 65373973?
3
What is the billions digit of 8153002054?
8
What is the hundred thousands digit of 15402282?
4
What is the units digit of 22538716?
6
What is the ten millions digit of 66812230?
6
What is the tens digit of 641096933?
3
What is the ten thousands digit of 531168637?
6
What is the hundred thousands digit of 32706228?
7
What is the ten thousands digit of 409708025?
0
What is the tens digit of 110841351?
5
What is the tens digit of 1092385038?
3
What is the hundreds digit of 4724854737?
7
What is the millions digit of 27030660?
7
What is the hundreds digit of 57806401?
4
What is the hundred thousands digit of 2755042453?
0
What is the ten thousands digit of 111784630?
8
What is the ten millions digit of 1189242865?
8
What is the ten millions digit of 208775279?
0
What is the millions digit of 875287595?
5
What is the units digit of 415826566?
6
What is the millions digit of 55068465?
5
What is the hundred thousands digit of 57644140?
6
What is the hundred thousands digit of 52041321?
0
What is the hundreds digit of 138569454?
4
What is the hundreds digit of 533688025?
0
What is the millions digit of 32684286?
2
What is the hundreds digit of 96655297?
2
What is the hundred thousands digit of 1185616915?
6
What is the tens digit of 858012520?
2
What is the thousands digit of 516934907?
4
What is the ten millions digit of 528797110?
2
What is the ten millions digit of 72832237?
7
What is the ten thousands digit of 42132214?
3
What is the ten millions digit of 722808188?
2
What is the thousands digit of 2258940942?
0
What is the ten thousands digit of 406501988?
0
What is the hundred thousands digit of 2051824135?
8
What is the millions digit of 97457670?
7
What is the millions digit of 4230813419?
0
What is the hundreds digit of 230048172?
1
What is the hundred thousands digit of 89562532?
5
What is the thousands digit of 6494134?
4
What is the hundred thousands digit of 7195005?
1
What is the hundred thousands digit of 3236903541?
9
What is the thousands digit of 827534538?
4
What is the ten millions digit of 2526094165?
2
What is the hundreds digit of 60523100?
1
What is the hundreds digit of 50350209?
2
What is the hundred millions digit of 2980960974?
9
What is the hundreds digit of 11484727?
7
What is the billions digit of 2041717122?
2
What is the hundred thousands digit of 117231355?
2
What is the units digit of 248851281?
1
What is the ten millions digit of 181231535?
8
What is the ten millions digit of 100033420?
0
What is the hundreds digit of 1632226609?
6
What is the hundred millions digit of 4125874245?
1
What is the units digit of 19954036?
6
What is the hundred thousands digit of 1656553823?
5
What is the units digit of 25590907?
7
What is the hundred thousands digit of 3185720958?
7
What is the ten thousands digit of 47206542?
0
What is the ten thousands digit of 22477315?
7
What is the millions digit of 232727696?
2
What is the units digit of 3538292969?
9
What is the thousands digit of 3107656501?
6
What is the hundreds digit of 1078624152?
1
What is the units digit of 19276971?
1
What is the ten millions digit of 1381225503?
8
What is the ten millions digit of 58708615?
5
What is the hundred millions digit of 3419105813?
4
What is the ten thousands digit of 5306291407?
9
What is the ten thousands digit of 27692187?
9
What is the ten thousands digit of 466233246?
3
What is the ten millions digit of 5745644564?
4
What is the hundreds digit of 22334514?
5
What is the ten thousands digit of 241070246?
7
What is the tens